what is 60c7 - -5?
60cc
In base 2, what is 10100 - 101110?
-11010
In base 15, what is 2d3 - -6?
2d9
In base 6, what is 5 + -1234?
-1225
In base 10, what is 1 - 66?
-65
In base 9, what is 7 + -35?
-27
In base 6, what is -52 - 23?
-115
In base 11, what is -3 + 930?
928
In base 3, what is 222021 + 102?
222200
In base 13, what is -2ab + 7?
-2a4
In base 4, what is 11 - -20?
31
In base 2, what is -1 + -11011110?
-11011111
In base 13, what is 3 - -14?
17
In base 11, what is 9 - 714?
-706
In base 4, what is 110300 - 1?
110233
In base 7, what is -1042 - -5?
-1034
In base 9, what is 6 + 3105?
3112
In base 6, what is 5 + 113?
122
In base 11, what is 84 + -1?
83
In base 6, what is -2 - 1231?
-1233
In base 6, what is 51 + 14?
105
In base 15, what is 8 + 24?
2c
In base 9, what is 2 - -322?
324
In base 10, what is 4 - 456?
-452
In base 11, what is 109 - 6?
103
In base 11, what is -8 - 26?
-33
In base 8, what is -2443 + -2?
-2445
In base 6, what is -2 - -100?
54
In base 13, what is 3 - -173?
176
In base 6, what is 10 + -40?
-30
In base 14, what is a + -10?
-4
In base 5, what is 11 + 211?
222
In base 6, what is -13 + 21214?
21201
In base 14, what is -8 - 754?
-75c
In base 3, what is -1100211 - -221?
-1022220
In base 10, what is 5 + 430?
435
In base 8, what is -14 + 10?
-4
In base 5, what is 20 + 31?
101
In base 12, what is -438 - -4?
-434
In base 3, what is -201 - 1000?
-1201
In base 12, what is -303 + 4?
-2bb
In base 10, what is -15 + 25?
10
In base 2, what is 10100101010100 - 10?
10100101010010
In base 13, what is 40 + 51?
91
In base 15, what is 279e - 0?
279e
In base 4, what is -3 + -103?
-112
In base 7, what is -3 - -12510?
12504
In base 13, what is -1 + -55?
-56
In base 5, what is 111 + -2?
104
In base 16, what is 2f - 0?
2f
In base 4, what is 1023 - 13?
1010
In base 14, what is -1 + -16?
-17
In base 2, what is -10010101011 + -1?
-10010101100
In base 4, what is 1322 + 20?
2002
In base 2, what is 11 - -10010?
10101
In base 10, what is 4 - 444?
-440
In base 5, what is 121 - 4?
112
In base 13, what is 2 - -5?
7
In base 12, what is -57 - 2?
-59
In base 13, what is -2 + 0?
-2
In base 15, what is -3 - 27?
-2a
In base 9, what is 1 + -661?
-660
In base 9, what is 1471 - -8?
1480
In base 5, what is -14 - 1002?
-1021
In base 14, what is 7d - -26?
a5
In base 2, what is 11100 + -111110011?
-111010111
In base 12, what is 3 - b0?
-a9
In base 14, what is -94 - -6?
-8c
In base 10, what is 64 - -1?
65
In base 15, what is 90 + 1?
91
In base 4, what is -2 + 301010?
301002
In base 15, what is eb - 93?
58
In base 3, what is -12 + -2200112?
-2200201
In base 16, what is -4 - 159?
-15d
In base 8, what is -62 - 3?
-65
In base 3, what is -1112211 + -1?
-1112212
In base 13, what is 7 - 7a?
-73
In base 7, what is 463 - 3?
460
In base 9, what is -52 - -66?
14
In base 6, what is -3 + -132?
-135
In base 4, what is -11 + 31022?
31011
In base 7, what is 5142 + 0?
5142
In base 11, what is 16 - -86?
a1
In base 15, what is -66 + -8?
-6e
In base 14, what is -d - -15?
6
In base 11, what is 0 - 678?
-678
In base 15, what is 14 + a?
1e
In base 8, what is 0 + -272?
-272
In base 4, what is 322 - -13?
1001
In base 7, what is -102 - -4?
-65
In base 6, what is -2012 - 1?
-2013
In base 10, what is 0 + 23?
23
In base 4, what is 102022 - -30?
102112
In base 3, what is 11 + -2211?
-2200
In base 9, what is -3 + -73?
-76
In base 8, what is 3 - 1200?
-1175
In base 7, what is -615 + 14?
-601
In base 10, what is 21 + 4?
25
In base 11, what is 3182 + -2?
3180
In base 15, what is -17a + -5?
-180
In base 12, what is -1775b - 5?
-17764
In base 11, what is -14a58 - 4?
-14a61
In base 12, what is 955 + -3?
952
In base 3, what is -10 + 121?
111
In base 6, what is 21 - -510?
531
In base 8, what is 0 + 6731?
6731
In base 16, what is -4 + 3b?
37
In base 11, what is -4065 - 2?
-4067
In base 7, what is -3 + 33?
30
In base 11, what is -3 - 54?
-57
In base 7, what is -4 + 1526?
1522
In base 9, what is -1010 + 6?
-1003
In base 14, what is 764 - -5?
769
In base 2, what is -1010 + 10000101?
1111011
In base 7, what is 3 - -452?
455
In base 13, what is 4 + 11b?
122
In base 2, what is 100101 - 1100?
11001
In base 15, what is 1050 + -2?
104d
In base 9, what is 3 - 20?
-16
In base 11, what is 74a - -1?
750
In base 7, what is -2 - 104?
-106
In base 10, what is 89 + 123?
212
In base 13, what is -4 - -2?
-2
In base 6, what is -23 - 31?
-54
In base 14, what is -c - -3?
-9
In base 7, what is 43 + 23?
66
In base 15, what is -d6 - -5?
-d1
In base 7, what is 103 + 32?
135
In base 9, what is 2 + 257?
260
In base 2, what is 1 - -1000001110110?
1000001110111
In base 5, what is -10 + 4241?
4231
In base 2, what is 110011100101010 - 0?
110011100101010
In base 14, what is b + -5?
6
In base 16, what is -2 + -1bc?
-1be
In base 6, what is 212 - 10?
202
In base 5, what is 1242 - 2?
1240
In base 12, what is -b - 10?
-1b
In base 3, what is 0 + -201101?
-201101
In base 3, what is 1012 - -2?
1021
In base 16, what is -33 - -bc?
89
In base 10, what is 3 - 281?
-278
In base 3, what is -1200 - -11?
-1112
In base 15, what is -1 - 145?
-146
In base 4, what is 1112320 - 11?
1112303
In base 5, what is -1 + -11102?
-11103
In base 2, what is 1 - -110001?
110010
In base 5, what is 244 + -2?
242
In base 7, what is 10511 + -1?
10510
In base 9, what is -4 - -312?
307
In base 9, what is 12240 + -2?
12237
In base 16, what is 6 - -2a?
30
In base 2, what is -10 - -100011101?
100011011
In base 11, what is -4 - -245?
241
In base 13, what is 387 - 3?
384
In base 15, what is -4 - -ed?
e9
In base 7, what is -3 + 14?
11
In base 5, what is 4032 - 11?
4021
In base 13, what is 64b + -5?
646
In base 12, what is -8b5 + 5?
-8b0
In base 6, what is 3 - -3450?
3453
In base 7, what is 0 + -164?
-164
In base 14, what is ba9 + 4?
bad
In base 10, what is 48 + -75?
-27
In base 12, what is -3 + 46?
43
In base 14, what is 1347 + 0?
1347
In base 2, what is 1000001 - 1110?
110011
In base 10, what is -24 + 16?
-8
In base 14, what is -4 - 32?
-36
In base 6, what is -4515 + -12?
-4531
In base 4, what is -2 - 233?
-301
In base 12, what is -21 + 4?
-19
In base 3, what is -1 - 2010112?
-2010120
In base 15, what is 170 + -9?
166
In base 11, what is 0 + -19a1?
-19a1
In base 13, what is 2488 - 0?
2488
In base 10, what is 485 + 15?
500
In base 6, what is -4 - -12?
4
In base 3, what is -12 - 2?
-21
In base 5, what is -10 + -1432?
-1442
In base 4, what is -3 - 11?
-20
In base 3, what is 211 + 222?
1210
In base 6, what is 3 + -5514?
-5511
In base 11, what is -1897 - -2?
-1895
In base 2, what is -100 + -111110001111?
-111110010011
In base 14, what is -33 - -15?
-1c
In base 3, what is 10020 - 1000?
2020
In base 15, what is 3 - -2c2?
2c5
In base 8, what is 2 + 3755?
3757
In base 7, what is 2022 - 4?
2015
In base 3, what is -2 - -101220?
101211
In base 5, what is -10 - -1043?
1033
In base 12, what is 3 + 17?
1a
In base 14, what is -90 + 3?
-8b
In base 8, what is -1 - -560?
557
In base 7, what is -222 + -14?
-236
In base 11, what is 1 - -72?
73
In base 15, what is 5 - aee?
-ae9
In base 2, what is 1000110 - -1010?
1010000
In base 2, what is -11 + -1000100101010?
-1000100101101
In base 2, what is -10 + -1110001100?
-1110001110
In base 13, what is -a3 - -2?
-a1
In base 12, what is -3 - 44?
-47
In base 5, what is 4340 + 0?
4340
In base 3, what is 102 - 11?
21
In base 13, what is 138 + -8?
130
In base 14, what is -6 - -56?
50
In base 10, what is -127 - -129?
2
In base 6, what is 1 - -33?
34
In base 14, what is 26 - 14?
12
In base 5, what is 4 - -3411?
3420
In base 2, what is -100001000 + 101?
-100000011
In base 14, what is -51 + 2?
-4d
In base 4, what is 120 - 33?
21
In base 13, what is 300 - -4?
304
In base 16, what is -3 - -25?
22
In base 16, what is 5a + a?
64
In base 6, what is -5 - -15151?
15142
In base 12, what is -130 - -4?
-128
In base 10, what is -165 - 9?
-174
In base 4, what is -102 + 1100?
332
In base 2, what is -1000 - 11?
-1011
In base 16, what is ee8 - 3?
ee5
In base 5, what is -1 - -1?
0
In base 14, what is 1070 - 5?
1069
In base 15, what is 89 + 5?
8e
In base 11, what is a891 + -2?
a88a
In base 6, what is 1143 - -3?
1150
In base 4, what is -1 - 33003?
-33010
In base 16, what is -5 + -18?
-1d
In base 9, what is -58 - 66?
-135
In base 6, what is 14 + 23?
41
In base 5, what is -2 + -2222?
-2224
In 